[INFO] cloning repository https://github.com/Parallel-Paradox/rust_server
[INFO] running `Command { std: "git" "-c" "credential.helper=" "-c" "credential.helper=/workspace/cargo-home/bin/git-credential-null" "clone" "--bare" "https://github.com/Parallel-Paradox/rust_server" "/workspace/cache/git-repos/https%3A%2F%2Fgithub.com%2FParallel-Paradox%2Frust_server", kill_on_drop: false }`
[INFO] [stderr] Cloning into bare repository '/workspace/cache/git-repos/https%3A%2F%2Fgithub.com%2FParallel-Paradox%2Frust_server'...
[INFO] running `Command { std: "git" "rev-parse" "HEAD", kill_on_drop: false }`
[INFO] [stdout] e3a2a3b96a204e7edd46b0627f4242aab93528d3
[INFO] checking Parallel-Paradox/rust_server against master#9610dfe5a9a731ced1ea4923ecbd0c57fe367898 for beta-170-4
[INFO] running `Command { std: "git" "clone" "/workspace/cache/git-repos/https%3A%2F%2Fgithub.com%2FParallel-Paradox%2Frust_server" "/workspace/builds/worker-2-tc1/source", kill_on_drop: false }`
[INFO] [stderr] Cloning into '/workspace/builds/worker-2-tc1/source'...
[INFO] [stderr] done.
[INFO] validating manifest of git repo https://github.com/Parallel-Paradox/rust_server on toolchain 9610dfe5a9a731ced1ea4923ecbd0c57fe367898
[INFO] running `Command { std: CARGO_HOME="/workspace/cargo-home" RUSTUP_HOME="/workspace/rustup-home" "/workspace/cargo-home/bin/cargo" "+9610dfe5a9a731ced1ea4923ecbd0c57fe367898" "metadata" "--manifest-path" "Cargo.toml" "--no-deps", kill_on_drop: false }`
[INFO] removed /workspace/builds/worker-2-tc1/source/rust-toolchain.toml
[INFO] started tweaking git repo https://github.com/Parallel-Paradox/rust_server
[INFO] finished tweaking git repo https://github.com/Parallel-Paradox/rust_server
[INFO] tweaked toml for git repo https://github.com/Parallel-Paradox/rust_server written to /workspace/builds/worker-2-tc1/source/Cargo.toml
[INFO] crate git repo https://github.com/Parallel-Paradox/rust_server already has a lockfile, it will not be regenerated
[INFO] running `Command { std: CARGO_HOME="/workspace/cargo-home" RUSTUP_HOME="/workspace/rustup-home" "/workspace/cargo-home/bin/cargo" "+9610dfe5a9a731ced1ea4923ecbd0c57fe367898" "fetch" "--manifest-path" "Cargo.toml", kill_on_drop: false }`
[INFO] [stderr]  Downloading crates ...
[INFO] [stderr]   Downloaded mongodb v2.3.0
[INFO] running `Command { std: "docker" "create" "-v" "/var/lib/crater-agent-workspace/builds/worker-2-tc1/target:/opt/rustwide/target:rw,Z" "-v" "/var/lib/crater-agent-workspace/builds/worker-2-tc1/source:/opt/rustwide/workdir:ro,Z" "-v" "/var/lib/crater-agent-workspace/cargo-home:/opt/rustwide/cargo-home:ro,Z" "-v" "/var/lib/crater-agent-workspace/rustup-home:/opt/rustwide/rustup-home:ro,Z" "-e" "SOURCE_DIR=/opt/rustwide/workdir" "-e" "CARGO_TARGET_DIR=/opt/rustwide/target" "-e" "CARGO_HOME=/opt/rustwide/cargo-home" "-e" "RUSTUP_HOME=/opt/rustwide/rustup-home" "-w" "/opt/rustwide/workdir" "-m" "1610612736" "--user" "0:0" "--network" "none" "ghcr.io/rust-lang/crates-build-env/linux@sha256:19e73879b68f455e41552ea35293514db52ea292d993f571636dbffedb77a1ee" "/opt/rustwide/cargo-home/bin/cargo" "+9610dfe5a9a731ced1ea4923ecbd0c57fe367898" "metadata" "--no-deps" "--format-version=1", kill_on_drop: false }`
[INFO] [stdout] 567217b56e99953b02d80fd2dbebdf55eedf99b6d5cf16bd1db06bb0970839f2
[INFO] running `Command { std: "docker" "start" "-a" "567217b56e99953b02d80fd2dbebdf55eedf99b6d5cf16bd1db06bb0970839f2", kill_on_drop: false }`
[INFO] running `Command { std: "docker" "inspect" "567217b56e99953b02d80fd2dbebdf55eedf99b6d5cf16bd1db06bb0970839f2", kill_on_drop: false }`
[INFO] running `Command { std: "docker" "rm" "-f" "567217b56e99953b02d80fd2dbebdf55eedf99b6d5cf16bd1db06bb0970839f2", kill_on_drop: false }`
[INFO] [stdout] 567217b56e99953b02d80fd2dbebdf55eedf99b6d5cf16bd1db06bb0970839f2
[INFO] running `Command { std: "docker" "create" "-v" "/var/lib/crater-agent-workspace/builds/worker-2-tc1/target:/opt/rustwide/target:rw,Z" "-v" "/var/lib/crater-agent-workspace/builds/worker-2-tc1/source:/opt/rustwide/workdir:ro,Z" "-v" "/var/lib/crater-agent-workspace/cargo-home:/opt/rustwide/cargo-home:ro,Z" "-v" "/var/lib/crater-agent-workspace/rustup-home:/opt/rustwide/rustup-home:ro,Z" "-e" "SOURCE_DIR=/opt/rustwide/workdir" "-e" "CARGO_TARGET_DIR=/opt/rustwide/target" "-e" "CARGO_INCREMENTAL=0" "-e" "RUST_BACKTRACE=full" "-e" "RUSTFLAGS=--cap-lints=forbid" "-e" "RUSTDOCFLAGS=--cap-lints=forbid" "-e" "CARGO_HOME=/opt/rustwide/cargo-home" "-e" "RUSTUP_HOME=/opt/rustwide/rustup-home" "-w" "/opt/rustwide/workdir" "-m" "1610612736" "--user" "0:0" "--network" "none" "ghcr.io/rust-lang/crates-build-env/linux@sha256:19e73879b68f455e41552ea35293514db52ea292d993f571636dbffedb77a1ee" "/opt/rustwide/cargo-home/bin/cargo" "+9610dfe5a9a731ced1ea4923ecbd0c57fe367898" "check" "--frozen" "--all" "--all-targets" "--message-format=json", kill_on_drop: false }`
[INFO] [stdout] 1733c2e1108164da6da73b7f26ec4e03dd17442034c1a37ed8b21caa9c69894d
[INFO] running `Command { std: "docker" "start" "-a" "1733c2e1108164da6da73b7f26ec4e03dd17442034c1a37ed8b21caa9c69894d", kill_on_drop: false }`
[INFO] [stderr]    Compiling proc-macro2 v1.0.44
[INFO] [stderr]    Compiling unicode-ident v1.0.4
[INFO] [stderr]    Compiling quote v1.0.21
[INFO] [stderr]    Compiling syn v1.0.100
[INFO] [stderr]    Compiling libc v0.2.133
[INFO] [stderr]    Compiling version_check v0.9.4
[INFO] [stderr]     Checking once_cell v1.15.0
[INFO] [stderr]    Compiling log v0.4.17
[INFO] [stderr]     Checking pin-project-lite v0.2.9
[INFO] [stderr]    Compiling typenum v1.15.0
[INFO] [stderr]    Compiling memchr v2.5.0
[INFO] [stderr]     Checking bytes v1.2.1
[INFO] [stderr]    Compiling generic-array v0.14.6
[INFO] [stderr]    Compiling futures-core v0.3.24
[INFO] [stderr]     Checking itoa v1.0.3
[INFO] [stderr]    Compiling slab v0.4.7
[INFO] [stderr]    Compiling lock_api v0.4.9
[INFO] [stderr]    Compiling parking_lot_core v0.9.3
[INFO] [stderr]    Compiling futures-task v0.3.24
[INFO] [stderr]     Checking smallvec v1.9.0
[INFO] [stderr]     Checking futures-sink v0.3.24
[INFO] [stderr]    Compiling futures-channel v0.3.24
[INFO] [stderr]     Checking scopeguard v1.1.0
[INFO] [stderr]    Compiling futures-util v0.3.24
[INFO] [stderr]     Checking getrandom v0.2.7
[INFO] [stderr]    Compiling tokio v1.21.1
[INFO] [stderr]     Checking pin-utils v0.1.0
[INFO] [stderr]     Checking subtle v2.4.1
[INFO] [stderr]     Checking futures-io v0.3.24
[INFO] [stderr]     Checking tinyvec_macros v0.1.0
[INFO] [stderr]     Checking parking_lot v0.12.1
[INFO] [stderr]     Checking socket2 v0.4.7
[INFO] [stderr]     Checking tinyvec v1.6.0
[INFO] [stderr]     Checking num_cpus v1.13.1
[INFO] [stderr]     Checking signal-hook-registry v1.4.0
[INFO] [stderr]     Checking mio v0.8.4
[INFO] [stderr]    Compiling serde_derive v1.0.145
[INFO] [stderr]     Checking rand_core v0.6.4
[INFO] [stderr]     Checking unicode-bidi v0.3.8
[INFO] [stderr]    Compiling cc v1.0.73
[INFO] [stderr]     Checking fnv v1.0.7
[INFO] [stderr]    Compiling serde v1.0.145
[INFO] [stderr]     Checking percent-encoding v2.2.0
[INFO] [stderr]     Checking rand_chacha v0.3.1
[INFO] [stderr]     Checking http v0.2.8
[INFO] [stderr]     Checking form_urlencoded v1.1.0
[INFO] [stderr]    Compiling unicase v2.6.0
[INFO] [stderr]     Checking rand v0.8.5
[INFO] [stderr]    Compiling thiserror v1.0.36
[INFO] [stderr]     Checking cpufeatures v0.2.5
[INFO] [stderr]     Checking block-buffer v0.10.3
[INFO] [stderr]     Checking crypto-common v0.1.6
[INFO] [stderr]     Checking digest v0.10.5
[INFO] [stderr]     Checking unicode-normalization v0.1.22
[INFO] [stderr]     Checking tracing-core v0.1.29
[INFO] [stderr]     Checking spin v0.5.2
[INFO] [stderr]    Compiling async-trait v0.1.57
[INFO] [stderr]     Checking untrusted v0.7.1
[INFO] [stderr]     Checking base64 v0.13.0
[INFO] [stderr]     Checking lazy_static v1.4.0
[INFO] [stderr]    Compiling indexmap v1.9.1
[INFO] [stderr]    Compiling semver-parser v0.7.0
[INFO] [stderr]    Compiling ident_case v1.0.1
[INFO] [stderr]    Compiling strsim v0.10.0
[INFO] [stderr]     Checking idna v0.3.0
[INFO] [stderr]    Compiling httparse v1.8.0
[INFO] [stderr]    Compiling semver v0.9.0
[INFO] [stderr]    Compiling ring v0.16.20
[INFO] [stderr]     Checking tower-service v0.3.2
[INFO] [stderr]     Checking ryu v1.0.11
[INFO] [stderr]    Compiling serde_json v1.0.85
[INFO] [stderr]     Checking mime v0.3.16
[INFO] [stderr]     Checking hashbrown v0.12.3
[INFO] [stderr]    Compiling mime_guess v2.0.4
[INFO] [stderr]     Checking url v2.3.1
[INFO] [stderr]    Compiling rustc_version v0.2.3
[INFO] [stderr]     Checking http-body v0.4.5
[INFO] [stderr]     Checking sha-1 v0.10.0
[INFO] [stderr]    Compiling ahash v0.7.6
[INFO] [stderr]     Checking tower-layer v0.3.1
[INFO] [stderr]     Checking match_cfg v0.1.0
[INFO] [stderr]     Checking httpdate v1.0.2
[INFO] [stderr]    Compiling rustls v0.20.6
[INFO] [stderr]     Checking matches v0.1.9
[INFO] [stderr]     Checking bitflags v1.3.2
[INFO] [stderr]    Compiling heck v0.4.0
[INFO] [stderr]     Checking regex-syntax v0.6.27
[INFO] [stderr]     Checking idna v0.2.3
[INFO] [stderr]     Checking hostname v0.3.1
[INFO] [stderr]    Compiling rustc_version_runtime v0.2.1
[INFO] [stderr]     Checking linked-hash-map v0.5.6
[INFO] [stderr]     Checking quick-error v1.2.3
[INFO] [stderr]     Checking data-encoding v2.3.2
[INFO] [stderr]     Checking try-lock v0.2.3
[INFO] [stderr]     Checking utf-8 v0.7.6
[INFO] [stderr]     Checking num_threads v0.1.6
[INFO] [stderr]     Checking ipnet v2.5.0
[INFO] [stderr]    Compiling time-macros v0.2.4
[INFO] [stderr]     Checking byteorder v1.4.3
[INFO] [stderr]     Checking want v0.3.0
[INFO] [stderr]     Checking lru-cache v0.1.2
[INFO] [stderr]     Checking resolv-conf v0.7.0
[INFO] [stderr]     Checking headers-core v0.2.0
[INFO] [stderr]     Checking sha1 v0.10.5
[INFO] [stderr]     Checking time v0.1.44
[INFO] [stderr]     Checking hex v0.4.3
[INFO] [stderr]     Checking iana-time-zone v0.1.50
[INFO] [stderr]     Checking http-range-header v0.3.0
[INFO] [stderr]     Checking headers v0.3.8
[INFO] [stderr]     Checking rustls-pemfile v0.3.0
[INFO] [stderr]     Checking chrono v0.4.22
[INFO] [stderr]     Checking stringprep v0.1.2
[INFO] [stderr]     Checking tracing-log v0.1.3
[INFO] [stderr]     Checking sharded-slab v0.1.4
[INFO] [stderr]     Checking hmac v0.12.1
[INFO] [stderr]     Checking pbkdf2 v0.10.1
[INFO] [stderr]     Checking md-5 v0.10.5
[INFO] [stderr]     Checking sha2 v0.10.6
[INFO] [stderr]     Checking uuid v0.8.2
[INFO] [stderr]    Compiling darling_core v0.13.4
[INFO] [stderr]     Checking os_info v3.5.1
[INFO] [stderr]     Checking thread_local v1.1.4
[INFO] [stderr]     Checking regex-automata v0.1.10
[INFO] [stderr]     Checking regex v1.6.0
[INFO] [stderr]     Checking matchit v0.5.0
[INFO] [stderr]     Checking take_mut v0.2.2
[INFO] [stderr]     Checking ansi_term v0.12.1
[INFO] [stderr]     Checking sync_wrapper v0.1.1
[INFO] [stderr]     Checking nanoid v0.4.0
[INFO] [stderr]     Checking matchers v0.1.0
[INFO] [stderr]     Checking time v0.3.14
[INFO] [stderr]     Checking webpki v0.22.0
[INFO] [stderr]     Checking sct v0.7.0
[INFO] [stderr]    Compiling futures-macro v0.3.24
[INFO] [stderr]    Compiling tokio-macros v1.8.0
[INFO] [stderr]    Compiling thiserror-impl v1.0.36
[INFO] [stderr]    Compiling tracing-attributes v0.1.22
[INFO] [stderr]    Compiling pin-project-internal v1.0.12
[INFO] [stderr]    Compiling darling_macro v0.13.4
[INFO] [stderr]    Compiling darling v0.13.4
[INFO] [stderr]    Compiling enum-as-inner v0.4.0
[INFO] [stderr]     Checking tungstenite v0.17.3
[INFO] [stderr]    Compiling serde_with_macros v1.5.2
[INFO] [stderr]     Checking pin-project v1.0.12
[INFO] [stderr]     Checking webpki-roots v0.22.5
[INFO] [stderr]    Compiling derivative v2.2.0
[INFO] [stderr]     Checking tracing v0.1.36
[INFO] [stderr]    Compiling typed-builder v0.10.0
[INFO] [stderr]     Checking tracing-subscriber v0.3.15
[INFO] [stderr]     Checking futures-executor v0.3.24
[INFO] [stderr]     Checking axum-core v0.2.8
[INFO] [stderr]     Checking futures v0.3.24
[INFO] [stderr]     Checking tokio-util v0.7.4
[INFO] [stderr]     Checking tower v0.4.13
[INFO] [stderr]     Checking trust-dns-proto v0.21.2
[INFO] [stderr]     Checking tokio-rustls v0.23.4
[INFO] [stderr]     Checking hyper v0.14.20
[INFO] [stderr]     Checking tokio-tungstenite v0.17.2
[INFO] [stderr]     Checking tower-http v0.3.4
[INFO] [stderr]     Checking trust-dns-resolver v0.21.2
[INFO] [stderr]     Checking serde_bytes v0.11.7
[INFO] [stderr]     Checking uuid v1.1.2
[INFO] [stderr]     Checking serde_urlencoded v0.7.1
[INFO] [stderr]     Checking serde_with v1.14.0
[INFO] [stderr]     Checking bson v2.4.0
[INFO] [stderr]     Checking axum v0.5.16
[INFO] [stderr]     Checking mongodb v2.3.0
[INFO] [stderr]     Checking rust_server v0.1.0 (/opt/rustwide/workdir)
[INFO] [stdout] error[E0432]: unresolved import `crate::config::error`
[INFO] [stdout]  --> src/config/secret.rs:9:24
[INFO] [stdout]   |
[INFO] [stdout] 9 |     use crate::config::error::*;
[INFO] [stdout]   |                        ^^^^^ could not find `error` in `config`
[INFO] [stdout] 
[INFO] [stdout] 
[INFO] [stdout] error[E0432]: unresolved import `crate::config::error`
[INFO] [stdout]  --> src/config/secret.rs:9:24
[INFO] [stdout]   |
[INFO] [stdout] 9 |     use crate::config::error::*;
[INFO] [stdout]   |                        ^^^^^ could not find `error` in `config`
[INFO] [stdout] 
[INFO] [stdout] 
[INFO] [stdout] error[E0433]: failed to resolve: use of undeclared type `ErrCode`
[INFO] [stdout]   --> src/config/secret.rs:13:13
[INFO] [stdout]    |
[INFO] [stdout] 13 |         Err(ErrCode::MongoCredentialUnset)
[INFO] [stdout]    |             ^^^^^^^ use of undeclared type `ErrCode`
[INFO] [stdout]    |
[INFO] [stdout] help: consider importing this enum
[INFO] [stdout]    |
[INFO] [stdout] 8  +     use crate::util::ErrCode;
[INFO] [stdout]    |
[INFO] [stdout] 
[INFO] [stdout] 
[INFO] [stdout] error[E0433]: failed to resolve: use of undeclared type `ErrCode`
[INFO] [stdout]   --> src/config/secret.rs:17:13
[INFO] [stdout]    |
[INFO] [stdout] 17 |         Err(ErrCode::MongoCredentialUnset)
[INFO] [stdout]    |             ^^^^^^^ use of undeclared type `ErrCode`
[INFO] [stdout]    |
[INFO] [stdout] help: consider importing this enum
[INFO] [stdout]    |
[INFO] [stdout] 8  +     use crate::util::ErrCode;
[INFO] [stdout]    |
[INFO] [stdout] 
[INFO] [stdout] 
[INFO] [stdout] error[E0433]: failed to resolve: use of undeclared type `ErrCode`
[INFO] [stdout]   --> src/config/secret.rs:13:13
[INFO] [stdout]    |
[INFO] [stdout] 13 |         Err(ErrCode::MongoCredentialUnset)
[INFO] [stdout]    |             ^^^^^^^ use of undeclared type `ErrCode`
[INFO] [stdout]    |
[INFO] [stdout] help: consider importing this enum
[INFO] [stdout]    |
[INFO] [stdout] 8  +     use crate::util::ErrCode;
[INFO] [stdout]    |
[INFO] [stdout] 
[INFO] [stdout] 
[INFO] [stdout] error[E0433]: failed to resolve: use of undeclared type `ErrCode`
[INFO] [stdout]   --> src/config/secret.rs:17:13
[INFO] [stdout]    |
[INFO] [stdout] 17 |         Err(ErrCode::MongoCredentialUnset)
[INFO] [stdout]    |             ^^^^^^^ use of undeclared type `ErrCode`
[INFO] [stdout]    |
[INFO] [stdout] help: consider importing this enum
[INFO] [stdout]    |
[INFO] [stdout] 8  +     use crate::util::ErrCode;
[INFO] [stdout]    |
[INFO] [stdout] 
[INFO] [stdout] 
[INFO] [stdout] error[E0107]: enum takes 2 generic arguments but 1 generic argument was supplied
[INFO] [stdout]   --> src/config/secret.rs:12:22
[INFO] [stdout]    |
[INFO] [stdout] 12 |     pub fn root() -> Result<Credential> {
[INFO] [stdout]    |                      ^^^^^^ ---------- supplied 1 generic argument
[INFO] [stdout]    |                      |
[INFO] [stdout]    |                      expected 2 generic arguments
[INFO] [stdout]    |
[INFO] [stdout] help: add missing generic argument
[INFO] [stdout]    |
[INFO] [stdout] 12 |     pub fn root() -> Result<Credential, E> {
[INFO] [stdout]    |                                       +++
[INFO] [stdout] 
[INFO] [stdout] 
[INFO] [stdout] error[E0107]: enum takes 2 generic arguments but 1 generic argument was supplied
[INFO] [stdout]   --> src/config/secret.rs:12:22
[INFO] [stdout]    |
[INFO] [stdout] 12 |     pub fn root() -> Result<Credential> {
[INFO] [stdout]    |                      ^^^^^^ ---------- supplied 1 generic argument
[INFO] [stdout]    |                      |
[INFO] [stdout]    |                      expected 2 generic arguments
[INFO] [stdout]    |
[INFO] [stdout] help: add missing generic argument
[INFO] [stdout]    |
[INFO] [stdout] 12 |     pub fn root() -> Result<Credential, E> {
[INFO] [stdout]    |                                       +++
[INFO] [stdout] 
[INFO] [stdout] 
[INFO] [stdout] error[E0107]: enum takes 2 generic arguments but 1 generic argument was supplied
[INFO] [stdout]   --> src/config/secret.rs:16:29
[INFO] [stdout]    |
[INFO] [stdout] 16 |     pub fn action_code() -> Result<Credential> {
[INFO] [stdout]    |                             ^^^^^^ ---------- supplied 1 generic argument
[INFO] [stdout]    |                             |
[INFO] [stdout]    |                             expected 2 generic arguments
[INFO] [stdout]    |
[INFO] [stdout] help: add missing generic argument
[INFO] [stdout]    |
[INFO] [stdout] 16 |     pub fn action_code() -> Result<Credential, E> {
[INFO] [stdout]    |                                              +++
[INFO] [stdout] 
[INFO] [stdout] 
[INFO] [stdout] error[E0107]: enum takes 2 generic arguments but 1 generic argument was supplied
[INFO] [stdout]   --> src/config/secret.rs:16:29
[INFO] [stdout]    |
[INFO] [stdout] 16 |     pub fn action_code() -> Result<Credential> {
[INFO] [stdout]    |                             ^^^^^^ ---------- supplied 1 generic argument
[INFO] [stdout]    |                             |
[INFO] [stdout]    |                             expected 2 generic arguments
[INFO] [stdout]    |
[INFO] [stdout] help: add missing generic argument
[INFO] [stdout]    |
[INFO] [stdout] 16 |     pub fn action_code() -> Result<Credential, E> {
[INFO] [stdout]    |                                              +++
[INFO] [stdout] 
[INFO] [stdout] 
[INFO] [stdout] error: aborting due to 5 previous errors
[INFO] [stdout] 
[INFO] [stdout] 
[INFO] [stdout] Some errors have detailed explanations: E0107, E0432, E0433.
[INFO] [stdout] 
[INFO] [stdout] For more information about an error, try `rustc --explain E0107`.
[INFO] [stdout] 
[INFO] [stdout] error: aborting due to 5 previous errors
[INFO] [stdout] 
[INFO] [stdout] 
[INFO] [stdout] Some errors have detailed explanations: E0107, E0432, E0433.
[INFO] [stdout] 
[INFO] [stdout] For more information about an error, try `rustc --explain E0107`.
[INFO] [stdout] 
[INFO] [stderr] error: could not compile `rust_server` (bin "rust_server" test) due to 6 previous errors
[INFO] [stderr] warning: build failed, waiting for other jobs to finish...
[INFO] [stderr] error: could not compile `rust_server` (bin "rust_server") due to 6 previous errors
[INFO] running `Command { std: "docker" "inspect" "1733c2e1108164da6da73b7f26ec4e03dd17442034c1a37ed8b21caa9c69894d", kill_on_drop: false }`
[INFO] running `Command { std: "docker" "rm" "-f" "1733c2e1108164da6da73b7f26ec4e03dd17442034c1a37ed8b21caa9c69894d", kill_on_drop: false }`
[INFO] [stdout] 1733c2e1108164da6da73b7f26ec4e03dd17442034c1a37ed8b21caa9c69894d
